{"id":10606,"date":"2016-09-06T23:13:39","date_gmt":"2016-09-06T22:13:39","guid":{"rendered":"http:\/\/127.0.0.1\/projects\/RCN%20wordpress\/?page_id=10606"},"modified":"2025-02-12T17:25:41","modified_gmt":"2025-02-12T16:25:41","slug":"faire-un-don","status":"publish","type":"page","link":"http:\/\/www.rcn-radio.org\/index.php\/faire-un-don\/","title":{"rendered":"Soutenez RCN"},"content":{"rendered":"<h1 style=\"text-align: justify;\">Soutenez votre radio faites un don<\/h1>\n<p style=\"text-align: justify;\">Radio associative de cat\u00e9gorie A, RCN a fait le choix d\u2019exclure toute publicit\u00e9 de son antenne pour offrir \u00e0 ses auditeurs une programmation enrichie sans aucune turbulence commerciale. Plus qu\u2019une simple radio, une radio associative a un r\u00f4le essentiel dans la vie de son territoire de diffusion.<\/p>\n<blockquote>\n<p style=\"text-align: justify;\">Sa disparition a des cons\u00e9quences invisibles mais d\u2019ampleur. Fini ce fameux lien social dont tout le monde parle. Termin\u00e9es les \u00e9missions destin\u00e9es aux adolescents, aux personnes \u00e2g\u00e9es, aux demandeurs d&#8217;emploi, aux actifs&#8230; La radio les r\u00e9unit tous et, en disparaissant, les relations s&rsquo;effilochent. Finis aussi les micros ouverts aux petites associations \u00e9cart\u00e9es des m\u00e9dias traditionnels, des artistes dont les morceaux ne passent pas sur les radios commerciales&#8230; La fin d\u2019une radio associative, c&rsquo;est la fin de l&rsquo;expression de la diversit\u00e9 !<\/p>\n<\/blockquote>\n<span class=\"highlight\"  style=\"background-color:#ffde59;color:#ffffff;\"><strong>Vous souhaitez faire un don en ligne ou adh\u00e9rer \u00e0 la radio en profitant de certains avantages, appuyer sur l&rsquo;un des boutons et laissez vous guider !<\/strong><\/span>\n<div>&nbsp;<\/div>\n<div style=\"width: 100%; text-align: center;\">Propuls\u00e9 par <a href=\"https:\/\/www.helloasso.com\" rel=\"nofollow\">HelloAsso<\/a><\/div>\n\n\n<div class=\"is-horizontal is-content-justification-center is-layout-flex wp-container-1 wp-block-buttons\">\n<div class=\"wp-block-button\"><a class=\"wp-block-button__link wp-element-button\" href=\"https:\/\/www.helloasso.com\/associations\/rcn-radio-caraib-nancy\/adhesions\/formulaire-d-adhesion\" target=\"_blank\" rel=\"noreferrer noopener\">Adh\u00e9rer \u00e0 RCN<\/a><\/div>\n\n\n\n<div class=\"wp-block-button\"><a class=\"wp-block-button__link wp-element-button\" href=\"https:\/\/www.helloasso.com\/associations\/rcn-radio-caraib-nancy\/formulaires\/3\" target=\"_blank\" rel=\"noreferrer noopener\">Faire un don<\/a><\/div>\n<\/div>\n\n\n\n<iframe id=\"haWidget\" allowtransparency=\"true\" scrolling=\"auto\" src=\"https:\/\/www.helloasso.com\/associations\/rcn-radio-caraib-nancy\/formulaires\/3\/widget\" style=\"width: 100%; height: 750px; border: none;\"><\/iframe>\n","protected":false},"excerpt":{"rendered":"<p>Soutenez votre radio faites un don Radio associative de cat\u00e9gorie A, RCN a fait le choix d\u2019exclure toute publicit\u00e9 de son antenne pour offrir \u00e0 ses auditeurs une programmation enrichie sans aucune turbulence commerciale. Plus qu\u2019une simple radio, une radio associative a un r\u00f4le essentiel dans la vie de son territoire de diffusion. Sa disparition [&hellip;]<\/p>\n","protected":false},"author":1,"featured_media":0,"parent":0,"menu_order":0,"comment_status":"closed","ping_status":"closed","template":"","meta":[],"_links":{"self":[{"href":"http:\/\/www.rcn-radio.org\/index.php\/wp-json\/wp\/v2\/pages\/10606"}],"collection":[{"href":"http:\/\/www.rcn-radio.org\/index.php\/wp-json\/wp\/v2\/pages"}],"about":[{"href":"http:\/\/www.rcn-radio.org\/index.php\/wp-json\/wp\/v2\/types\/page"}],"author":[{"embeddable":true,"href":"http:\/\/www.rcn-radio.org\/index.php\/wp-json\/wp\/v2\/users\/1"}],"replies":[{"embeddable":true,"href":"http:\/\/www.rcn-radio.org\/index.php\/wp-json\/wp\/v2\/comments?post=10606"}],"version-history":[{"count":26,"href":"http:\/\/www.rcn-radio.org\/index.php\/wp-json\/wp\/v2\/pages\/10606\/revisions"}],"predecessor-version":[{"id":29688,"href":"http:\/\/www.rcn-radio.org\/index.php\/wp-json\/wp\/v2\/pages\/10606\/revisions\/29688"}],"wp:attachment":[{"href":"http:\/\/www.rcn-radio.org\/index.php\/wp-json\/wp\/v2\/media?parent=10606"}],"curies":[{"name":"wp","href":"https:\/\/api.w.org\/{rel}","templated":true}]}}