{"id":20858,"date":"2021-05-13T17:26:39","date_gmt":"2021-05-13T16:26:39","guid":{"rendered":"http:\/\/www.rcn-radio.org\/?page_id=20858"},"modified":"2021-05-16T14:40:54","modified_gmt":"2021-05-16T13:40:54","slug":"lea","status":"publish","type":"page","link":"http:\/\/www.rcn-radio.org\/index.php\/lea\/","title":{"rendered":"LEA"},"content":{"rendered":"\n<div style=\"height:50px\" aria-hidden=\"true\" class=\"wp-block-spacer\"><\/div>\n\n\n\n<div class=\"is-layout-flex wp-container-2 wp-block-columns\">\n<div class=\"is-layout-flow wp-block-column\"><\/div>\n<\/div>\n\n\n\n<div style=\"height:40px\" aria-hidden=\"true\" class=\"wp-block-spacer\"><\/div>\n\n\n\n<div class=\"is-layout-flex wp-container-5 wp-block-columns\">\n<div class=\"is-layout-flow wp-block-column is-vertically-aligned-center\">\n<figure class=\"wp-block-audio aligncenter\"><audio controls src=\"http:\/\/www.rcn-radio.org\/wp-content\/uploads\/2021\/05\/LEA-SHAME-TEMOIGNAGES-.mp3\" autoplay><\/audio><\/figure>\n<\/div>\n\n\n\n<div class=\"is-layout-flow wp-block-column is-vertically-aligned-center\">\n<figure class=\"wp-block-pullquote is-style-default\"><blockquote><p>\u00ab\u00a0Quand \u00e0 la radio et \u00e0 la t\u00e9l\u00e9 on entend que les couples homosexuels font du mal \u00e0 leurs enfants, c&rsquo;est tr\u00e8s \u00e9nervant\u00a0\u00bb<\/p><cite>LEA<\/cite><\/blockquote><\/figure>\n<\/div>\n<\/div>\n","protected":false},"excerpt":{"rendered":"<p>\u00ab\u00a0Quand \u00e0 la radio et \u00e0 la t\u00e9l\u00e9 on entend que les couples homosexuels font du mal \u00e0 leurs enfants, c&rsquo;est tr\u00e8s \u00e9nervant\u00a0\u00bb LEA<\/p>\n","protected":false},"author":21,"featured_media":0,"parent":0,"menu_order":0,"comment_status":"closed","ping_status":"closed","template":"","meta":[],"_links":{"self":[{"href":"http:\/\/www.rcn-radio.org\/index.php\/wp-json\/wp\/v2\/pages\/20858"}],"collection":[{"href":"http:\/\/www.rcn-radio.org\/index.php\/wp-json\/wp\/v2\/pages"}],"about":[{"href":"http:\/\/www.rcn-radio.org\/index.php\/wp-json\/wp\/v2\/types\/page"}],"author":[{"embeddable":true,"href":"http:\/\/www.rcn-radio.org\/index.php\/wp-json\/wp\/v2\/users\/21"}],"replies":[{"embeddable":true,"href":"http:\/\/www.rcn-radio.org\/index.php\/wp-json\/wp\/v2\/comments?post=20858"}],"version-history":[{"count":1,"href":"http:\/\/www.rcn-radio.org\/index.php\/wp-json\/wp\/v2\/pages\/20858\/revisions"}],"predecessor-version":[{"id":20860,"href":"http:\/\/www.rcn-radio.org\/index.php\/wp-json\/wp\/v2\/pages\/20858\/revisions\/20860"}],"wp:attachment":[{"href":"http:\/\/www.rcn-radio.org\/index.php\/wp-json\/wp\/v2\/media?parent=20858"}],"curies":[{"name":"wp","href":"https:\/\/api.w.org\/{rel}","templated":true}]}}