{"id":24666,"date":"2022-11-29T17:36:40","date_gmt":"2022-11-29T16:36:40","guid":{"rendered":"http:\/\/www.rcn-radio.org\/?page_id=24666"},"modified":"2022-11-30T10:25:52","modified_gmt":"2022-11-30T09:25:52","slug":"fete-de-la-radio-2","status":"publish","type":"page","link":"http:\/\/www.rcn-radio.org\/index.php\/fete-de-la-radio-2\/","title":{"rendered":"F\u00eate de la radio"},"content":{"rendered":"\n<h2>F\u00eate de la radio, \u00e9mission inter radios associatives<\/h2>\n\n\n\n<p>Le 5 juin 2021, \u00e0 l&rsquo;occasion de la f\u00eate de la radio, les radios associatives de Nancy ont con\u00e7u une \u00e9mission sp\u00e9ciale \u00e0 \u00e9couter sur la page d\u00e9di\u00e9 :<\/p>\n\n\n\n<p><a href=\"http:\/\/www.rcn-radio.org\/index.php\/album\/fete-de-la-radio-emission-inter-radios-associatives\/?customize_changeset_uuid=e38019a5-3fdc-4091-98e0-82dea720580f&amp;customize_autosaved=on\">F\u00eate de la radio, \u00e9mission inter radios associatives \u2013 RCN 90.7 FM (rcn-radio.org)<\/a><\/p>\n\n\n\n<p><\/p>\n\n\n\n<figure class=\"wp-block-image size-large\"><img decoding=\"async\" src=\"http:\/\/www.rcn-radio.org\/wp-content\/uploads\/2022\/09\/Fete-de-la-radio.png\" alt=\"\" class=\"wp-image-23908\"\/><\/figure>\n","protected":false},"excerpt":{"rendered":"<p>F\u00eate de la radio, \u00e9mission inter radios associatives Le 5 juin 2021, \u00e0 l&rsquo;occasion de la f\u00eate de la radio, les radios associatives de Nancy ont con\u00e7u une \u00e9mission sp\u00e9ciale \u00e0 \u00e9couter sur la page d\u00e9di\u00e9 : F\u00eate de la radio, \u00e9mission inter radios associatives \u2013 RCN 90.7 FM (rcn-radio.org)<\/p>\n","protected":false},"author":22,"featured_media":23908,"parent":0,"menu_order":0,"comment_status":"closed","ping_status":"closed","template":"","meta":[],"_links":{"self":[{"href":"http:\/\/www.rcn-radio.org\/index.php\/wp-json\/wp\/v2\/pages\/24666"}],"collection":[{"href":"http:\/\/www.rcn-radio.org\/index.php\/wp-json\/wp\/v2\/pages"}],"about":[{"href":"http:\/\/www.rcn-radio.org\/index.php\/wp-json\/wp\/v2\/types\/page"}],"author":[{"embeddable":true,"href":"http:\/\/www.rcn-radio.org\/index.php\/wp-json\/wp\/v2\/users\/22"}],"replies":[{"embeddable":true,"href":"http:\/\/www.rcn-radio.org\/index.php\/wp-json\/wp\/v2\/comments?post=24666"}],"version-history":[{"count":4,"href":"http:\/\/www.rcn-radio.org\/index.php\/wp-json\/wp\/v2\/pages\/24666\/revisions"}],"predecessor-version":[{"id":24698,"href":"http:\/\/www.rcn-radio.org\/index.php\/wp-json\/wp\/v2\/pages\/24666\/revisions\/24698"}],"wp:featuredmedia":[{"embeddable":true,"href":"http:\/\/www.rcn-radio.org\/index.php\/wp-json\/wp\/v2\/media\/23908"}],"wp:attachment":[{"href":"http:\/\/www.rcn-radio.org\/index.php\/wp-json\/wp\/v2\/media?parent=24666"}],"curies":[{"name":"wp","href":"https:\/\/api.w.org\/{rel}","templated":true}]}}

Fête de la radio

<h2>Fête de la radio, émission inter radios associatives</h2>



<p>Le 5 juin 2021, à l&rsquo;occasion de la fête de la radio, les radios associatives de Nancy ont conçu une émission spéciale à écouter sur la page dédié :</p>



<p><a href="http://www.rcn-radio.org/index.php/album/fete-de-la-radio-emission-inter-radios-associatives/?customize_changeset_uuid=e38019a5-3fdc-4091-98e0-82dea720580f&amp;customize_autosaved=on">Fête de la radio, émission inter radios associatives – RCN 90.7 FM (rcn-radio.org)</a></p>



<p></p>



<figure class="wp-block-image size-large"><img decoding="async" src="http://www.rcn-radio.org/wp-content/uploads/2022/09/Fete-de-la-radio.png" alt="" class="wp-image-23908"/></figure>

<p>Fête de la radio, émission inter radios associatives Le 5 juin 2021, à l&rsquo;occasion de la fête de la radio, les radios associatives de Nancy ont conçu une émission spéciale à écouter sur la page dédié : Fête de la radio, émission inter radios associatives – RCN 90.7 FM (rcn-radio.org)</p>
