{"id":27575,"date":"2024-01-29T16:30:08","date_gmt":"2024-01-29T15:30:08","guid":{"rendered":"http:\/\/www.rcn-radio.org\/?page_id=27575"},"modified":"2024-06-08T17:13:45","modified_gmt":"2024-06-08T16:13:45","slug":"tremplin-rap-2","status":"publish","type":"page","link":"http:\/\/www.rcn-radio.org\/index.php\/tremplin-rap-2\/","title":{"rendered":"Tremplin Rap #2"},"content":{"rendered":"\n<p>En collaboration avec la ville de Vandoeuvre, RCN organise la deuxi\u00e8me \u00e9dition du tremplin rap permettant \u00e0 8 artistes\/groupes de rap de se produire sur sc\u00e8ne devant un public d&rsquo;environ 300 personnes \u00e0 Vand\u0153uvre-l\u00e8s-Nancy, devant un jury professionnel.<\/p>\n\n\n\n<p>\u00c0 la suite de ce tremplin musical, le public \u00e9lira son artiste\/groupe coup de c\u0153ur et le jury s\u00e9lectionnera 4 artistes\/groupes qui auront l\u2019occasion de se produire sur diff\u00e9rentes sc\u00e8nes et d&rsquo;\u00eatre invit\u00e9s dans diff\u00e9rentes \u00e9missions de RCN<\/p>\n\n\n\n<p>Pour assister au passage des artistes, r\u00e9serve ta place d\u00e8s maintenant !<\/p>\n\n\n\n<div class=\"is-content-justification-center is-layout-flex wp-container-1 wp-block-buttons\">\n<div class=\"wp-block-button is-style-fill\"><a class=\"wp-block-button__link wp-element-button\" href=\"https:\/\/www.helloasso.com\/associations\/rcn-radio-caraib-nancy\/evenements\/tremplin-rap-2\" target=\"_blank\" rel=\"noreferrer noopener\">R\u00e9server sa place<\/a><\/div>\n<\/div>\n\n\n\n<p><\/p>\n\n\n<p><iframe id=\"haWidget\" allowtransparency=\"true\" scrolling=\"auto\" src=\"https:\/\/www.helloasso.com\/associations\/rcn-radio-caraib-nancy\/evenements\/tremplin-rap-2\/widget\" style=\"width: 100%; height: 750px; border: none;\"><\/iframe><\/p>\n\n\n\n<!--nextpage-->\n\n\n\n<p>Pour monter sur sc\u00e8ne sur sc\u00e8ne, les artistes motiv\u00e9s doivent envoyer leur candidature par mail \u00e0 <a href=\"mailto:trempli.rap@rcn-radio.org\">tremplin.rap@rcn-radio.org<\/a> avant le 12 mai 2024.<\/p>\n\n\n\n<p>De fa\u00e7on \u00e0 valider ta candidature, le mail doit comprendre :<\/p>\n\n\n\n<ul>\n<li>Le bulletin d\u2019inscription rempli et sign\u00e9 (artiste ou groupe)<\/li>\n\n\n\n<li>Le r\u00e8glement de participation <strong><mark style=\"background-color:#000000;color:#ececec\" class=\"has-inline-color\">avec la mention \u00ab&nbsp;lu et approuv\u00e9&nbsp;\u00bb, dat\u00e9 et sign\u00e9<\/mark><\/strong><\/li>\n\n\n\n<li>Une courte description de l&rsquo;artiste ou du groupe<\/li>\n\n\n\n<li>3 titres de l\u2019artiste\/groupe<mark style=\"background-color:rgba(0, 0, 0, 0);color:#fff8f8\" class=\"has-inline-color\">&nbsp;<\/mark><strong><mark style=\"background-color:#000000;color:#ececec\" class=\"has-inline-color\">au format mp3<\/mark><\/strong><\/li>\n\n\n\n<li>Si possible 1 vid\u00e9o de prestation sc\u00e9nique<strong><mark style=\"background-color:#000000;color:#ececec\" class=\"has-inline-color\">&nbsp;au format mp4<\/mark><\/strong><\/li>\n<\/ul>\n\n\n\n<div class=\"is-layout-flex wp-container-5 wp-block-columns\">\n<div class=\"is-layout-flow wp-block-column\">\n<div class=\"wp-block-file\"><object class=\"wp-block-file__embed\" data=\"http:\/\/www.rcn-radio.org\/wp-content\/uploads\/2024\/04\/Reglement-tremplin-rap-2-1-1.pdf\" type=\"application\/pdf\" style=\"width:100%;height:600px\" aria-label=\"Contenu embarqu\u00e9 Reglement-tremplin-rap-2.\"><\/object><a id=\"wp-block-file--media-8ecfe465-cc2d-4622-881e-5aa0cb63772b\" href=\"http:\/\/www.rcn-radio.org\/wp-content\/uploads\/2024\/04\/Reglement-tremplin-rap-2-1-1.pdf\">Reglement-tremplin-rap-2<\/a><a href=\"http:\/\/www.rcn-radio.org\/wp-content\/uploads\/2024\/04\/Reglement-tremplin-rap-2-1-1.pdf\" class=\"wp-block-file__button wp-element-button\" download aria-describedby=\"wp-block-file--media-8ecfe465-cc2d-4622-881e-5aa0cb63772b\">T\u00e9l\u00e9charger<\/a><\/div>\n<\/div>\n\n\n\n<div class=\"is-layout-flow wp-block-column\">\n<div class=\"wp-block-file\"><object class=\"wp-block-file__embed\" data=\"http:\/\/www.rcn-radio.org\/wp-content\/uploads\/2024\/04\/BULLETIN-DINSCRIPTION-GROUPE-Tremplin-2-1-1.pdf\" type=\"application\/pdf\" style=\"width:100%;height:600px\" aria-label=\"Contenu embarqu\u00e9 BULLETIN-DINSCRIPTION-GROUPE-Tremplin-2.\"><\/object><a id=\"wp-block-file--media-fd663e7b-7a3c-425f-ae0e-c5ab198d5624\" href=\"http:\/\/www.rcn-radio.org\/wp-content\/uploads\/2024\/04\/BULLETIN-DINSCRIPTION-GROUPE-Tremplin-2-1-1.pdf\">BULLETIN-DINSCRIPTION-GROUPE-Tremplin-2<\/a><a href=\"http:\/\/www.rcn-radio.org\/wp-content\/uploads\/2024\/04\/BULLETIN-DINSCRIPTION-GROUPE-Tremplin-2-1-1.pdf\" class=\"wp-block-file__button wp-element-button\" download aria-describedby=\"wp-block-file--media-fd663e7b-7a3c-425f-ae0e-c5ab198d5624\">T\u00e9l\u00e9charger<\/a><\/div>\n<\/div>\n\n\n\n<div class=\"is-layout-flow wp-block-column\">\n<div class=\"wp-block-file\"><object class=\"wp-block-file__embed\" data=\"http:\/\/www.rcn-radio.org\/wp-content\/uploads\/2024\/04\/BULLETIN-DINSCRIPTION-ARTISTE-Tremplin-2-1-1.pdf\" type=\"application\/pdf\" style=\"width:100%;height:600px\" aria-label=\"Contenu embarqu\u00e9 BULLETIN-DINSCRIPTION-ARTISTE-Tremplin-2.\"><\/object><a id=\"wp-block-file--media-eb3b6ae0-942c-4f9c-b9a1-921fb8ae0354\" href=\"http:\/\/www.rcn-radio.org\/wp-content\/uploads\/2024\/04\/BULLETIN-DINSCRIPTION-ARTISTE-Tremplin-2-1-1.pdf\">BULLETIN-DINSCRIPTION-ARTISTE-Tremplin-2<\/a><a href=\"http:\/\/www.rcn-radio.org\/wp-content\/uploads\/2024\/04\/BULLETIN-DINSCRIPTION-ARTISTE-Tremplin-2-1-1.pdf\" class=\"wp-block-file__button wp-element-button\" download aria-describedby=\"wp-block-file--media-eb3b6ae0-942c-4f9c-b9a1-921fb8ae0354\">T\u00e9l\u00e9charger<\/a><\/div>\n<\/div>\n<\/div>\n\n\n\n<p>Rejoins RCN sur les r\u00e9seaux pour suivre les actualit\u00e9s et rester inform\u00e9 sur l\u2019organisation !<\/p>\n\n\n\n<p>Facebook \u2192 RCN Nancy&nbsp;<\/p>\n\n\n\n<p>Instagram \u2192 @rcn_nancy<\/p>\n","protected":false},"excerpt":{"rendered":"<p>En collaboration avec la ville de Vandoeuvre, RCN organise la deuxi\u00e8me \u00e9dition du tremplin rap permettant \u00e0 8 artistes\/groupes de rap de se produire sur sc\u00e8ne devant un public d&rsquo;environ 300 personnes \u00e0 Vand\u0153uvre-l\u00e8s-Nancy, devant un jury professionnel. \u00c0 la suite de ce tremplin musical, le public \u00e9lira son artiste\/groupe coup de c\u0153ur et le [&hellip;]<\/p>\n","protected":false},"author":22,"featured_media":0,"parent":0,"menu_order":0,"comment_status":"closed","ping_status":"closed","template":"","meta":[],"_links":{"self":[{"href":"http:\/\/www.rcn-radio.org\/index.php\/wp-json\/wp\/v2\/pages\/27575"}],"collection":[{"href":"http:\/\/www.rcn-radio.org\/index.php\/wp-json\/wp\/v2\/pages"}],"about":[{"href":"http:\/\/www.rcn-radio.org\/index.php\/wp-json\/wp\/v2\/types\/page"}],"author":[{"embeddable":true,"href":"http:\/\/www.rcn-radio.org\/index.php\/wp-json\/wp\/v2\/users\/22"}],"replies":[{"embeddable":true,"href":"http:\/\/www.rcn-radio.org\/index.php\/wp-json\/wp\/v2\/comments?post=27575"}],"version-history":[{"count":36,"href":"http:\/\/www.rcn-radio.org\/index.php\/wp-json\/wp\/v2\/pages\/27575\/revisions"}],"predecessor-version":[{"id":28635,"href":"http:\/\/www.rcn-radio.org\/index.php\/wp-json\/wp\/v2\/pages\/27575\/revisions\/28635"}],"wp:attachment":[{"href":"http:\/\/www.rcn-radio.org\/index.php\/wp-json\/wp\/v2\/media?parent=27575"}],"curies":[{"name":"wp","href":"https:\/\/api.w.org\/{rel}","templated":true}]}}