{"id":28311,"date":"2024-05-06T14:41:47","date_gmt":"2024-05-06T13:41:47","guid":{"rendered":"http:\/\/www.rcn-radio.org\/?page_id=28311"},"modified":"2025-06-03T09:05:28","modified_gmt":"2025-06-03T08:05:28","slug":"portraits-de-femmes","status":"publish","type":"page","link":"http:\/\/www.rcn-radio.org\/index.php\/portraits-de-femmes\/","title":{"rendered":"Portraits de femmes"},"content":{"rendered":"\n<p>La cit\u00e9 \u00e9ducative du plateau de Haye pr\u00e9sente l&rsquo;exposition portraits de femmes. <\/p>\n\n\n\n<p>Les t\u00e9moignages de 8 mamans sur leur v\u00e9cu en tant que m\u00e8re sur le Plateau de Haye.<\/p>\n\n\n\n<div class=\"is-layout-flex wp-container-5 wp-block-columns\">\n<div class=\"is-layout-flow wp-block-column\">\n<p><a rel=\"noreferrer noopener\" href=\"http:\/\/www.rcn-radio.org\/index.php\/portraits-de-femmes\/temoignage-1\/\" target=\"_blank\">(T\u00e9moignage 1 &#8211; Sarah \u00ab Il n\u2019y a pas de maman parfaite ! Plus on se fixe ce genre de r\u00e8gle, plus on a une pression qui se r\u00e9percute sur les enfants \u00bb<\/a><\/p>\n\n\n\n<figure class=\"wp-block-image size-large\"><img decoding=\"async\" loading=\"lazy\" width=\"683\" height=\"1024\" src=\"http:\/\/www.rcn-radio.org\/wp-content\/uploads\/2024\/05\/MG_0033-6-4-683x1024.jpg\" alt=\"\" class=\"wp-image-28471\" srcset=\"http:\/\/www.rcn-radio.org\/wp-content\/uploads\/2024\/05\/MG_0033-6-4-683x1024.jpg 683w, http:\/\/www.rcn-radio.org\/wp-content\/uploads\/2024\/05\/MG_0033-6-4-200x300.jpg 200w, http:\/\/www.rcn-radio.org\/wp-content\/uploads\/2024\/05\/MG_0033-6-4-768x1151.jpg 768w, http:\/\/www.rcn-radio.org\/wp-content\/uploads\/2024\/05\/MG_0033-6-4-1025x1536.jpg 1025w, http:\/\/www.rcn-radio.org\/wp-content\/uploads\/2024\/05\/MG_0033-6-4-1366x2048.jpg 1366w, http:\/\/www.rcn-radio.org\/wp-content\/uploads\/2024\/05\/MG_0033-6-4-1320x1979.jpg 1320w, http:\/\/www.rcn-radio.org\/wp-content\/uploads\/2024\/05\/MG_0033-6-4-scaled.jpg 1708w\" sizes=\"(max-width: 683px) 100vw, 683px\" \/><\/figure>\n<\/div>\n\n\n\n<div class=\"is-layout-flow wp-block-column\">\n<p><a rel=\"noreferrer noopener\" href=\"http:\/\/www.rcn-radio.org\/index.php\/portraits-de-femmes\/temoignage-2\/\" data-type=\"URL\" data-id=\"http:\/\/www.rcn-radio.org\/index.php\/portraits-de-femmes\/temoignage-2\/\" target=\"_blank\">(<\/a><a rel=\"noreferrer noopener\" href=\"http:\/\/www.rcn-radio.org\/index.php\/portraits-de-femmes\/temoignage-3\/\" data-type=\"URL\" data-id=\"http:\/\/www.rcn-radio.org\/index.php\/portraits-de-femmes\/temoignage-3\/\" target=\"_blank\">T\u00e9moignage 2) &#8211; Aurore \u00ab Avec 3 enfants, tu as beau faire le m\u00e9nage, \u00e7a ne fait pas long feu \u00bb<\/a><a rel=\"noreferrer noopener\" href=\"http:\/\/www.rcn-radio.org\/index.php\/portraits-de-femmes\/temoignage-2\/\" data-type=\"URL\" data-id=\"http:\/\/www.rcn-radio.org\/index.php\/portraits-de-femmes\/temoignage-2\/\" target=\"_blank\"> <\/a><\/p>\n\n\n\n<p><\/p>\n\n\n\n<figure class=\"wp-block-image size-large\"><img decoding=\"async\" loading=\"lazy\" width=\"683\" height=\"1024\" src=\"http:\/\/www.rcn-radio.org\/wp-content\/uploads\/2024\/05\/Maman-jeux-videos-1-683x1024.png\" alt=\"\" class=\"wp-image-28472\" srcset=\"http:\/\/www.rcn-radio.org\/wp-content\/uploads\/2024\/05\/Maman-jeux-videos-1-683x1024.png 683w, http:\/\/www.rcn-radio.org\/wp-content\/uploads\/2024\/05\/Maman-jeux-videos-1-200x300.png 200w, http:\/\/www.rcn-radio.org\/wp-content\/uploads\/2024\/05\/Maman-jeux-videos-1-768x1152.png 768w, http:\/\/www.rcn-radio.org\/wp-content\/uploads\/2024\/05\/Maman-jeux-videos-1-1024x1536.png 1024w, http:\/\/www.rcn-radio.org\/wp-content\/uploads\/2024\/05\/Maman-jeux-videos-1-1365x2048.png 1365w, http:\/\/www.rcn-radio.org\/wp-content\/uploads\/2024\/05\/Maman-jeux-videos-1-1320x1980.png 1320w\" sizes=\"(max-width: 683px) 100vw, 683px\" \/><\/figure>\n<\/div>\n\n\n\n<div class=\"is-layout-flow wp-block-column\">\n<p><a rel=\"noreferrer noopener\" href=\"http:\/\/www.rcn-radio.org\/index.php\/portraits-de-femmes\/temoignage-3\/\" data-type=\"URL\" data-id=\"http:\/\/www.rcn-radio.org\/index.php\/portraits-de-femmes\/temoignage-3\/\" target=\"_blank\">(T\u00e9moignage 3) &#8211; Audrey \u00ab C\u2019est un travail d\u2019avoir des enfants, j\u2019ai donc deux emplois \u00e0 temps plein \u2026 \u00bb<\/a><\/p>\n\n\n\n<p><\/p>\n\n\n\n<figure class=\"wp-block-image size-large\"><img decoding=\"async\" loading=\"lazy\" width=\"683\" height=\"1024\" src=\"http:\/\/www.rcn-radio.org\/wp-content\/uploads\/2024\/05\/MG_0137-1-683x1024.jpg\" alt=\"\" class=\"wp-image-28473\" srcset=\"http:\/\/www.rcn-radio.org\/wp-content\/uploads\/2024\/05\/MG_0137-1-683x1024.jpg 683w, http:\/\/www.rcn-radio.org\/wp-content\/uploads\/2024\/05\/MG_0137-1-200x300.jpg 200w, http:\/\/www.rcn-radio.org\/wp-content\/uploads\/2024\/05\/MG_0137-1-768x1151.jpg 768w, http:\/\/www.rcn-radio.org\/wp-content\/uploads\/2024\/05\/MG_0137-1-1025x1536.jpg 1025w, http:\/\/www.rcn-radio.org\/wp-content\/uploads\/2024\/05\/MG_0137-1-1366x2048.jpg 1366w, http:\/\/www.rcn-radio.org\/wp-content\/uploads\/2024\/05\/MG_0137-1-1320x1979.jpg 1320w, http:\/\/www.rcn-radio.org\/wp-content\/uploads\/2024\/05\/MG_0137-1-scaled.jpg 1708w\" sizes=\"(max-width: 683px) 100vw, 683px\" \/><\/figure>\n<\/div>\n\n\n\n<div class=\"is-layout-flow wp-block-column\">\n<p><a rel=\"noreferrer noopener\" href=\"http:\/\/www.rcn-radio.org\/index.php\/portraits-de-femmes\/temoignage-4\/\" data-type=\"URL\" data-id=\"http:\/\/www.rcn-radio.org\/index.php\/portraits-de-femmes\/temoignage-4\/\" target=\"_blank\">(T\u00e9moignage 4)  &#8211; Mariam \u00ab J\u2019aimerais avoir plus de temps pour faire du cheval \u2026 C\u2019est un r\u00eave de petite fille \u00bb<\/a><\/p>\n\n\n\n<p><\/p>\n\n\n\n<figure class=\"wp-block-image size-large\"><img decoding=\"async\" loading=\"lazy\" width=\"683\" height=\"1024\" src=\"http:\/\/www.rcn-radio.org\/wp-content\/uploads\/2024\/05\/MG_0053-6-683x1024.jpg\" alt=\"\" class=\"wp-image-28474\" srcset=\"http:\/\/www.rcn-radio.org\/wp-content\/uploads\/2024\/05\/MG_0053-6-683x1024.jpg 683w, http:\/\/www.rcn-radio.org\/wp-content\/uploads\/2024\/05\/MG_0053-6-200x300.jpg 200w, http:\/\/www.rcn-radio.org\/wp-content\/uploads\/2024\/05\/MG_0053-6-768x1152.jpg 768w, http:\/\/www.rcn-radio.org\/wp-content\/uploads\/2024\/05\/MG_0053-6-1024x1536.jpg 1024w, http:\/\/www.rcn-radio.org\/wp-content\/uploads\/2024\/05\/MG_0053-6-1365x2048.jpg 1365w, http:\/\/www.rcn-radio.org\/wp-content\/uploads\/2024\/05\/MG_0053-6-1320x1980.jpg 1320w, http:\/\/www.rcn-radio.org\/wp-content\/uploads\/2024\/05\/MG_0053-6-scaled.jpg 1707w\" sizes=\"(max-width: 683px) 100vw, 683px\" \/><\/figure>\n<\/div>\n<\/div>\n\n\n\n<p><\/p>\n\n\n\n<p><\/p>\n\n\n\n<div class=\"is-layout-flex wp-container-10 wp-block-columns\">\n<div class=\"is-layout-flow wp-block-column\">\n<p><a rel=\"noreferrer noopener\" href=\"http:\/\/www.rcn-radio.org\/index.php\/portraits-de-femmes\/temoignage-3\/\" data-type=\"URL\" data-id=\"http:\/\/www.rcn-radio.org\/index.php\/portraits-de-femmes\/temoignage-3\/\" target=\"_blank\">(T\u00e9moignage 5) &#8211; Peggy : \u00ab Je dis \u00e0 mes enfants de profiter de chaque \u00e9tape de leur vie comme si c\u2019\u00e9tait la derni\u00e8re qu\u2019ils allaient vivre \u00bb<\/a> <\/p>\n<\/div>\n\n\n\n<div class=\"is-layout-flow wp-block-column\">\n<p><a rel=\"noreferrer noopener\" href=\"http:\/\/www.rcn-radio.org\/index.php\/portraits-de-femmes\/temoignage-6\/\" data-type=\"URL\" data-id=\"http:\/\/www.rcn-radio.org\/index.php\/portraits-de-femmes\/temoignage-6\/\" target=\"_blank\">(T\u00e9moignage 6) &#8211; Louise<\/a> <a rel=\"noreferrer noopener\" href=\"http:\/\/www.rcn-radio.org\/index.php\/portraits-de-femmes\/temoignage-6\/\" data-type=\"URL\" data-id=\"http:\/\/www.rcn-radio.org\/index.php\/portraits-de-femmes\/temoignage-6\/\" target=\"_blank\">\u00ab Je ne con\u00e7ois pas la parentalit\u00e9 sans sensibiliser mes enfants \u00e0 la nature \u00bb<\/a><\/p>\n<\/div>\n\n\n\n<div class=\"is-layout-flow wp-block-column\">\n<p><a rel=\"noreferrer noopener\" href=\"http:\/\/www.rcn-radio.org\/index.php\/portraits-de-femmes\/temoignage-7\/\" data-type=\"URL\" data-id=\"http:\/\/www.rcn-radio.org\/index.php\/portraits-de-femmes\/temoignage-7\/\" target=\"_blank\">(T\u00e9moignage 7) &#8211; Barakissa \u00ab En tant que femme je veux \u00eatre comme ma m\u00e8re, courageuse, battante \u00bb<\/a><\/p>\n<\/div>\n\n\n\n<div class=\"is-layout-flow wp-block-column\">\n<p><a rel=\"noreferrer noopener\" href=\"http:\/\/www.rcn-radio.org\/index.php\/portraits-de-femmes\/temoignage-8\/\" data-type=\"URL\" data-id=\"http:\/\/www.rcn-radio.org\/index.php\/portraits-de-femmes\/temoignage-8\/\" target=\"_blank\">(T\u00e9moignage 8) &#8211; Fiona \u00ab L\u2019\u00e9ducation est dans tout : dans l\u2019amour, les barri\u00e8res et les conseils qu\u2019on leur donne \u00bb<\/a><\/p>\n<\/div>\n<\/div>\n\n\n\n<div class=\"is-layout-constrained wp-block-group\"><div class=\"wp-block-group__inner-container\">\n<div class=\"is-layout-flex wp-container-15 wp-block-columns\">\n<div class=\"is-layout-flow wp-block-column\">\n<figure class=\"wp-block-image size-large\"><img decoding=\"async\" loading=\"lazy\" width=\"683\" height=\"1024\" src=\"http:\/\/www.rcn-radio.org\/wp-content\/uploads\/2024\/05\/MG_0052-4-683x1024.jpg\" alt=\"\" class=\"wp-image-28482\" srcset=\"http:\/\/www.rcn-radio.org\/wp-content\/uploads\/2024\/05\/MG_0052-4-683x1024.jpg 683w, http:\/\/www.rcn-radio.org\/wp-content\/uploads\/2024\/05\/MG_0052-4-200x300.jpg 200w, http:\/\/www.rcn-radio.org\/wp-content\/uploads\/2024\/05\/MG_0052-4-768x1152.jpg 768w, http:\/\/www.rcn-radio.org\/wp-content\/uploads\/2024\/05\/MG_0052-4-1024x1536.jpg 1024w, http:\/\/www.rcn-radio.org\/wp-content\/uploads\/2024\/05\/MG_0052-4-1365x2048.jpg 1365w, http:\/\/www.rcn-radio.org\/wp-content\/uploads\/2024\/05\/MG_0052-4-1320x1980.jpg 1320w, http:\/\/www.rcn-radio.org\/wp-content\/uploads\/2024\/05\/MG_0052-4-scaled.jpg 1707w\" sizes=\"(max-width: 683px) 100vw, 683px\" \/><\/figure>\n<\/div>\n\n\n\n<div class=\"is-layout-flow wp-block-column\">\n<figure class=\"wp-block-image size-large\"><img decoding=\"async\" loading=\"lazy\" width=\"683\" height=\"1024\" src=\"http:\/\/www.rcn-radio.org\/wp-content\/uploads\/2024\/05\/MG_0012-4-1-683x1024.jpg\" alt=\"\" class=\"wp-image-28480\" srcset=\"http:\/\/www.rcn-radio.org\/wp-content\/uploads\/2024\/05\/MG_0012-4-1-683x1024.jpg 683w, http:\/\/www.rcn-radio.org\/wp-content\/uploads\/2024\/05\/MG_0012-4-1-200x300.jpg 200w, http:\/\/www.rcn-radio.org\/wp-content\/uploads\/2024\/05\/MG_0012-4-1-768x1152.jpg 768w, http:\/\/www.rcn-radio.org\/wp-content\/uploads\/2024\/05\/MG_0012-4-1-1024x1536.jpg 1024w, http:\/\/www.rcn-radio.org\/wp-content\/uploads\/2024\/05\/MG_0012-4-1-1365x2048.jpg 1365w, http:\/\/www.rcn-radio.org\/wp-content\/uploads\/2024\/05\/MG_0012-4-1-1320x1980.jpg 1320w, http:\/\/www.rcn-radio.org\/wp-content\/uploads\/2024\/05\/MG_0012-4-1-scaled.jpg 1707w\" sizes=\"(max-width: 683px) 100vw, 683px\" \/><\/figure>\n<\/div>\n\n\n\n<div class=\"is-layout-flow wp-block-column\">\n<figure class=\"wp-block-image size-large\"><img decoding=\"async\" loading=\"lazy\" width=\"683\" height=\"1024\" src=\"http:\/\/www.rcn-radio.org\/wp-content\/uploads\/2024\/05\/MG_0026-6-1-683x1024.jpg\" alt=\"\" class=\"wp-image-28478\" srcset=\"http:\/\/www.rcn-radio.org\/wp-content\/uploads\/2024\/05\/MG_0026-6-1-683x1024.jpg 683w, http:\/\/www.rcn-radio.org\/wp-content\/uploads\/2024\/05\/MG_0026-6-1-200x300.jpg 200w, http:\/\/www.rcn-radio.org\/wp-content\/uploads\/2024\/05\/MG_0026-6-1-768x1152.jpg 768w, http:\/\/www.rcn-radio.org\/wp-content\/uploads\/2024\/05\/MG_0026-6-1-1024x1536.jpg 1024w, http:\/\/www.rcn-radio.org\/wp-content\/uploads\/2024\/05\/MG_0026-6-1-1365x2048.jpg 1365w, http:\/\/www.rcn-radio.org\/wp-content\/uploads\/2024\/05\/MG_0026-6-1-1320x1980.jpg 1320w, http:\/\/www.rcn-radio.org\/wp-content\/uploads\/2024\/05\/MG_0026-6-1-scaled.jpg 1707w\" sizes=\"(max-width: 683px) 100vw, 683px\" \/><\/figure>\n<\/div>\n\n\n\n<div class=\"is-layout-flow wp-block-column\">\n<figure class=\"wp-block-image size-large\"><img decoding=\"async\" loading=\"lazy\" width=\"683\" height=\"1024\" src=\"http:\/\/www.rcn-radio.org\/wp-content\/uploads\/2024\/05\/MG_0099-4-683x1024.jpg\" alt=\"\" class=\"wp-image-28481\" srcset=\"http:\/\/www.rcn-radio.org\/wp-content\/uploads\/2024\/05\/MG_0099-4-683x1024.jpg 683w, http:\/\/www.rcn-radio.org\/wp-content\/uploads\/2024\/05\/MG_0099-4-200x300.jpg 200w, http:\/\/www.rcn-radio.org\/wp-content\/uploads\/2024\/05\/MG_0099-4-768x1152.jpg 768w, http:\/\/www.rcn-radio.org\/wp-content\/uploads\/2024\/05\/MG_0099-4-1024x1536.jpg 1024w, http:\/\/www.rcn-radio.org\/wp-content\/uploads\/2024\/05\/MG_0099-4-1365x2048.jpg 1365w, http:\/\/www.rcn-radio.org\/wp-content\/uploads\/2024\/05\/MG_0099-4-1320x1980.jpg 1320w, http:\/\/www.rcn-radio.org\/wp-content\/uploads\/2024\/05\/MG_0099-4-scaled.jpg 1707w\" sizes=\"(max-width: 683px) 100vw, 683px\" \/><\/figure>\n<\/div>\n<\/div>\n<\/div><\/div>\n\n\n\n<div class=\"is-layout-flex wp-container-18 wp-block-columns\">\n<div class=\"is-layout-flow wp-block-column\"><\/div>\n<\/div>\n\n\n\n<p><\/p>\n","protected":false},"excerpt":{"rendered":"<p>La cit\u00e9 \u00e9ducative du plateau de Haye pr\u00e9sente l&rsquo;exposition portraits de femmes. Les t\u00e9moignages de 8 mamans sur leur v\u00e9cu en tant que m\u00e8re sur le Plateau de Haye. (T\u00e9moignage 1 &#8211; Sarah \u00ab Il n\u2019y a pas de maman parfaite ! Plus on se fixe ce genre de r\u00e8gle, plus on a une pression [&hellip;]<\/p>\n","protected":false},"author":22,"featured_media":0,"parent":0,"menu_order":0,"comment_status":"closed","ping_status":"closed","template":"","meta":[],"_links":{"self":[{"href":"http:\/\/www.rcn-radio.org\/index.php\/wp-json\/wp\/v2\/pages\/28311"}],"collection":[{"href":"http:\/\/www.rcn-radio.org\/index.php\/wp-json\/wp\/v2\/pages"}],"about":[{"href":"http:\/\/www.rcn-radio.org\/index.php\/wp-json\/wp\/v2\/types\/page"}],"author":[{"embeddable":true,"href":"http:\/\/www.rcn-radio.org\/index.php\/wp-json\/wp\/v2\/users\/22"}],"replies":[{"embeddable":true,"href":"http:\/\/www.rcn-radio.org\/index.php\/wp-json\/wp\/v2\/comments?post=28311"}],"version-history":[{"count":19,"href":"http:\/\/www.rcn-radio.org\/index.php\/wp-json\/wp\/v2\/pages\/28311\/revisions"}],"predecessor-version":[{"id":31429,"href":"http:\/\/www.rcn-radio.org\/index.php\/wp-json\/wp\/v2\/pages\/28311\/revisions\/31429"}],"wp:attachment":[{"href":"http:\/\/www.rcn-radio.org\/index.php\/wp-json\/wp\/v2\/media?parent=28311"}],"curies":[{"name":"wp","href":"https:\/\/api.w.org\/{rel}","templated":true}]}}